e 7?
-655
What is -6595 (base 16) in base 12?
-13071
What is 2262 (base 13) in base 5?
123222
What is 33b (base 12) in base 14?
263
Convert -1131013 (base 4) to base 16.
-1747
What is 3c3 (base 13) in base 6?
3030
Convert -8521 (base 11) to base 13.
-5195
What is 2755 (base 11) in base 12?
2095
-100101011001 (base 2) to base 13
-1121
1b4a7 (base 13) to base 10
53541
2052 (base 7) to base 4
23103
101120 (base 3) to base 8
435
-25b (base 14) to base 15
-218
-101010101011 (base 2) to base 4
-222223
Convert 408 (base 14) to base 10.
792
Convert -1121103 (base 4) to base 11.
-4326
What is 1232020 (base 4) in base 10?
7048
Convert 241 (base 7) to base 10.
127
Convert 3421 (base 5) to base 15.
226
-444235 (base 7) to base 4
-103013320
Convert -1021121 (base 3) to base 2.
-1110100110
Convert 35342 (base 6) to base 9.
6888
What is -704 (base 9) in base 4?
-20323
Convert -4314 (base 5) to base 3.
-210122
Convert 31043 (base 5) to base 7.
5620
What is -644 (base 8) in base 5?
-3140
What is -9183 (base 12) in base 14?
-5a83
What is -1a7 (base 13) in base 7?
-615
Convert -106 (base 14) to base 15.
-d7
Convert -110020001 (base 3) to base 9.
-13201
What is -593 (base 10) in base 3?
-210222
Convert -205554 (base 7) to base 16.
-8b1d
15a (base 14) to base 5
2101
Convert -131232 (base 4) to base 8.
-3556
Convert 1102 (base 3) to base 8.
46
Convert 37cc (base 14) to base 5.
303114
What is b046 (base 12) in base 11?
1335a
1000010100011110 (base 2) to base 16
851e
What is -234446 (base 7) in base 13?
-16400
Convert -729 (base 10) to base 16.
-2d9
What is 123331 (base 5) in base 16?
12e9
What is 23320 (base 5) in base 4?
122232
Convert 453 (base 10) to base 5.
3303
2201012102 (base 3) to base 10
53363
111100000011 (base 2) to base 14
1587
What is 142 (base 6) in base 7?
116
What is 13565 (base 12) in base 16?
685d
Convert -a37 (base 15) to base 3.
-10011021
What is -1849 (base 12) in base 13?
-144c
What is -102202 (base 4) in base 5?
-14221
What is 2203000 (base 4) in base 2?
10100011000000
What is 10800 (base 10) in base 7?
43326
What is 84e (base 15) in base 2?
11101010010
-3231021 (base 4) to base 14
-5761
What is -12165 (base 7) in base 5?
-100213
Convert 471 (base 9) to base 5.
3023
Convert 1011 (base 4) to base 16.
45
What is -1e8 (base 15) in base 14?
-239
1361 (base 10) to base 16
551
What is -458 (base 11) in base 8?
-1043
1750 (base 11) to base 15
9dd
What is 34434 (base 5) in base 13?
119b
What is -d9b (base 15) in base 16?
-bff
-1a07 (base 13) to base 15
-1249
-21001000 (base 3) to base 12
-2b76
What is -45514 (base 6) in base 8?
-14466
What is 13212 (base 4) in base 3?
200000
Convert -81 (base 9) to base 8.
-111
2152 (base 6) to base 4
13310
1c47 (base 14) to base 8
12047
950 (base 11) to base 7
3223
What is -213242 (base 5) in base 10?
-7322
-220212121 (base 3) to base 4
-10123111
What is -55601 (base 8) in base 3?
-1012010121
2836 (base 10) to base 3
10220001
Convert 1422 (base 11) to base 16.
72f
Convert 1d34 (base 16) to base 10.
7476
Convert 111100110101001 (base 2) to base 16.
79a9
What is dfdf (base 16) in base 14?
16c59
-261 (base 15) to base 4
-20131
Convert -124524 (base 8) to base 2.
-1010100101010100
1022011122 (base 3) to base 2
110010000101000
What is 110303 (base 4) in base 2?
10100110011
What is -1085 (base 9) in base 7?
-2231
What is -664 (base 9) in base 3?
-202011
-10113100 (base 4) to base 10
-17872
What is 102210 (base 7) in base 4?
10102332
Convert 758 (base 10) to base 6.
3302
Convert -14896 (base 13) to base 16.
-97a8
Convert 64454 (base 7) to base 10.
16013
-11b1 (base 16) to base 2
-1000110110001
Convert 2311 (base 16) to base 4.
2030101
-41210 (base 9) to base 4
-12220020
Convert -180 (base 15) to base 3.
-110210
What is 3d5 (base 14) in base 3?
1001201
Convert -8a8 (base 16) to base 9.
-3032
Convert 109 (base 11) to base 15.
8a
What is -1333100 (base 4) in base 15?
-262e
3a2 (base 15) to base 7
2261
What is 11300 (base 5) in base 9?
1116
Convert 11575 (base 8) to base 4.
1031331
Convert 110001100100 (base 2) to base 16.
c64
Convert -5cc (base 13) to base 5.
-13023
Convert -527 (base 14) to base 16.
-3f7
What is 36325 (base 10) in base 3?
1211211101
Convert a7 (base 16) to base 10.
167
What is 23133 (base 5) in base 15?
763
Convert 343 (base 11) to base 8.
632
Convert 1662 (base 11) to base 13.
c76
Convert 101410 (base 5) to base 3.
11121021
7ab (base 13) to base 7
3601
What is -18a8 (base 11) in base 3?
-10022112
Convert 111101001 (base 2) to base 9.
603
Convert -210131 (base 5) to base 16.
-1b04
What is 113 (base 12) in base 2?
10011111
-2c6 (base 16) to base 6
-3142
-12034 (base 5) to base 14
-47c
Convert -34103 (base 6) to base 2.
-1001010110111
What is -24365 (base 7) in base 6?
-45252
bb58 (base 16) to base 11
33040
-543 (base 6) to base 11
-179
-254144 (base 7) to base 5
-3001242
3341 (base 9) to base 2
100110100011
-1099 (base 11) to base 2
-10110011111
Convert -11012000 (base 3) to base 7.
-11616
What is 123432 (base 8) in base 12?
2090a
What is -3992 (base 12) in base 5?
-202330
Convert 120222 (base 3) to base 11.
362
26884 (base 12) to base 10
53092
What is -29 (base 12) in base 7?
-45
Convert -220111 (base 3) to base 10.
-661
Convert -c09 (base 15) to base 8.
-5225
What is -1021122 (base 3) in base 13?
-56c
1001101 (base 3) to base 10
766
4721 (base 9) to base 4
312232
4c48 (base 13) to base 15
3351
What is -ba (base 12) in base 15?
-97
Convert 1103145 (base 6) to base 3.
2210122102
29a (base 11) to base 12
253
-6236 (base 8) to base 11
-2477
Convert 4a23 (base 14) to base 2.
11001010100111
Convert -610 (base 8) to base 4.
-12020
What is -2b8 (base 14) in base 7?
-1421
Convert -56233 (base 7) to base 14.
-5253
-233465 (base 7) to base 4
-22101221
What is 120000102 (base 3) in base 4?
2223002
What is -211 (base 4) in base 13?
-2b
What is 23680 (base 11) in base 16?
8529
1202021 (base 3) to base 8
2374
Convert -2133 (base 9) to base 11.
-11a7
Convert -8159 (base 10) to base 9.
-12165
What is 2501 (base 11) in base 16?
cc4
What is -110100 (base 2) in base 14?
-3a
222112 (base 4) to base 8
5226
Convert a05 (base 13) to base 11.
1301
24405 (base 7) to base 11
4876
Convert -11371 (base 10) to base 13.
-5239
-2720 (base 11) to base 10
-3531
43351 (base 6) to base 4
1131103
Convert -15431 (base 6) to base 3.
-10111001
What is -11010111110 (base 2) in base 13?
-a2a
What is 19b4 (base 16) in base 6?
50244
4441033 (base 5) to base 13
29457
Convert -111001010100100 (base 2) to base 14.
-a9a4
What is -44354 (base 6) in base 11?
-4718
150 (base 11) to base 14
c8
Convert 354 (base 7) to base 2.
10111010
2231 (base 6) to base 4
20023
Convert -22302213 (base 4) to base 15.
-d169
-1471 (base 8) to base 4
-30321
100101101010 (base 2) to base 16
96a
Convert -1010111100 (base 2) to base 15.
-31a
What is -a509 (base 11) in base 10?
-13924
Convert 411 (base 8) to base 5.
2030
-1424 (base 8) to base 4
-30110
-1a4 (base 13) to base 11
-256
What is -20410 (base 7) in base 12?
-2a91
Convert -1072 (base 14) to base 5.
-42334
1111 (base 3) to base 4
220
23018 (base 9) to base 12
8a52
Convert 11014 (base 6) to base 16.
5f2
Convert 30203 (base 6) to base 4.
331323
Convert 122210202 (base 3) to base 15.
3ca5
Convert -83 (base 16) to base 8.
-203
What is -1042122 (base 5) in base 14?
-69d2
What is 12413 (base 6) in base 13?
b19
186a (base 12) to base 7
11431
What is 1284 (base 12) in base 6?
13444
Convert -1270 (base 8) to base 15.
-316
What is 1000101001100 (base 2) in base 10?
4428
7764 (base 8) to base 4
333310
bae (base 15) to base 9
3552
37 (base 16) to base 8
67
-3109 (base 15) to base 2
-10100001110111
-5aaa (base 12) to base 9
-15004
-24312 (base 5) to base 4
-130220
What is -1424 (base 7) in base 14?
-2bb
14003 (base 8) to base 11
4689
What is 351130 (base 7) in base 15?
13944
What is 303320 (base 4) in base 11?
2549
What is -241 (base 12) in base 2?
-101010001
-22066 (base 8) to base 11
-6a68
-12123 (base 4) to base 2
-110011011
What is 9125 (base 10) in base 11?
6946
What is -1314011 (base 5) in base 4?
-12120103
-90c (base 14) to base 11
-1375
-11101010 (base 2) to base 4
-3222
Convert -101 (base 4) to base 10.
-17
Convert -a773 (base 11) to base 16.
-379d
What is -646 (base 8) in base 11?
-354
Convert -2406 (base 8) to base 15.
